{"id":28,"date":"2016-11-05T15:34:29","date_gmt":"2016-11-05T14:34:29","guid":{"rendered":"http:\/\/www.coverinnov.com\/?page_id=28"},"modified":"2020-08-28T14:33:13","modified_gmt":"2020-08-28T12:33:13","slug":"reglementation","status":"publish","type":"page","link":"https:\/\/www.coverinnov.com\/index.php\/reglementation\/","title":{"rendered":"R\u00e9glementation"},"content":{"rendered":"<h3 style=\"text-align: center;\">AMIANTE \u00a0:<\/h3>\n<p style=\"text-align: center;\">L\u2019amiante est interdite en France depuis 1997<\/p>\n<p style=\"text-align: center;\">Tout travail de percement, d\u00e9coupe et d\u00e9pose de mat\u00e9riaux amiant\u00e9s est soumis \u00e0 une r\u00e9glementation<\/p>\n<p style=\"text-align: center;\">d\u2019hygi\u00e8ne et s\u00e9curit\u00e9 <span style=\"text-decoration: underline;\">stricte et contraignante<\/span><strong>. \u00a0<\/strong><\/p>\n<p style=\"text-align: center;\">Les travaux de d\u00e9samiantage sont difficilement compatibles avec le maintien en activit\u00e9 du site.<\/p>\n<p style=\"text-align: center;\">Les ma\u00eetres d\u2019ouvrages ont l\u2019obligation de faire appel \u00e0 des entreprises agr\u00e9\u00e9es et\u00a0 de faire prendre des mesures de confinement afin d\u2019emp\u00eacher la dispersion de fibres d\u2019amiante.<\/p>\n<h3 style=\"text-align: center;\"><span style=\"text-decoration: underline;\"><span style=\"color: #ff0000; text-decoration: underline;\">NOTRE PROCEDE PERMET D&#8217;EVITER CES CONTRAINTES<\/span><\/span><\/h3>\n<p style=\"text-align: center;\"><span style=\"text-decoration: underline;\">Photo : Exemple de d\u00e9samiantage sur un b\u00e2timent occup\u00e9<\/span><\/p>\n<p style=\"text-align: center;\"><img loading=\"lazy\" class=\"alignnone wp-image-99\" src=\"http:\/\/www.coverinnov.com\/wp-content\/uploads\/2016\/11\/Screen-Shot-11-05-16-at-05.42-PM-300x208.png\" alt=\"screen-shot-11-05-16-at-05-42-pm\" width=\"544\" height=\"377\" srcset=\"https:\/\/www.coverinnov.com\/wp-content\/uploads\/2016\/11\/Screen-Shot-11-05-16-at-05.42-PM-300x208.png 300w, https:\/\/www.coverinnov.com\/wp-content\/uploads\/2016\/11\/Screen-Shot-11-05-16-at-05.42-PM.png 684w\" sizes=\"(max-width: 544px) 100vw, 544px\" \/><\/p>\n<h2 style=\"text-align: center;\"><\/h2>\n<hr \/>\n<p style=\"text-align: center;\">L&#8217;\u00e9tat distingue deux principaux types de travaux :<\/p>\n<p style=\"text-align: center;\">&#8211; Cas le plus contraignant \/ L<strong>es travaux de d\u00e9pose<\/strong> : \u00a0R\u00e9alis\u00e9s obligatoirement par des entreprises <strong>sous section 3<\/strong> (Certification longue et couteuse &gt; 100K\u20ac)<\/p>\n<p style=\"text-align: center;\">&#8211; <span style=\"color: #ff0000;\">Le cas qui nous concerne \/<\/span>\u00a0<strong>Les travaux d&#8217;entretien<\/strong>\u00a0<strong>et de recouvrement<\/strong>\u00a0\u00a0: R\u00e9alis\u00e9s par des entreprises <strong>sous section 4<\/strong> (Formation d&#8217;une dur\u00e9e d&#8217;une semaine)<\/p>\n<p style=\"text-align: center;\">L&#8217;\u00e9tat souhaite par cette <span style=\"text-decoration: underline;\">politique favorable aux travaux d&#8217;entretien<\/span>, maintenir en \u00e9tat le parc existant et \u00e9viter un d\u00e9samiantage massif.<\/p>\n<p style=\"text-align: center;\">Les d\u00e9charges class\u00e9es qui permettent de stocker l&#8217;amiante seraient rapidement satur\u00e9es.<\/p>\n<hr \/>\n<p style=\"text-align: center;\">Le fibrociment amiant\u00e9 est un mat\u00e9riaux tr\u00e8s stable, et tr\u00e8s r\u00e9sistant.<\/p>\n<p style=\"text-align: center;\">Il ne lib\u00e8re pas de fibre d&#8217;amiante dans les locaux sur lesquels il est mis en \u0153uvre. (des analyses d&#8217;air d\u00e9j\u00e0 r\u00e9alis\u00e9es sur plusieurs locaux permettent de valider cela)<\/p>\n<p style=\"text-align: center;\">Seule la partie ext\u00e9rieure de la plaque de fibrociment, qui \u00a0est soumise au vent, pluie, gr\u00e8le, &#8230; \u00a0peut lib\u00e9rer quelques fibres.<\/p>\n<p style=\"text-align: center;\">Notre proc\u00e9d\u00e9 permet de stopper l&#8217;action du temps sur la face ext\u00e9rieure et r\u00e9nover durablement le toit.<\/p>\n","protected":false},"excerpt":{"rendered":"<p>AMIANTE \u00a0: L\u2019amiante est interdite en France depuis 1997 Tout travail de percement, d\u00e9coupe et d\u00e9pose de mat\u00e9riaux amiant\u00e9s est soumis \u00e0 une r\u00e9glementation d\u2019hygi\u00e8ne et s\u00e9curit\u00e9 stricte et contraignante. \u00a0 Les travaux de d\u00e9samiantage sont difficilement compatibles avec le maintien en activit\u00e9 du site. Les ma\u00eetres d\u2019ouvrages ont l\u2019obligation de faire appel \u00e0 des<\/p>\n<p class=\"more-link\"><a href=\"https:\/\/www.coverinnov.com\/index.php\/reglementation\/\" class=\"themebutton2\">READ MORE<\/a><\/p>\n","protected":false},"author":1,"featured_media":0,"parent":0,"menu_order":6,"comment_status":"closed","ping_status":"closed","template":"","meta":[],"_links":{"self":[{"href":"https:\/\/www.coverinnov.com\/index.php\/wp-json\/wp\/v2\/pages\/28"}],"collection":[{"href":"https:\/\/www.coverinnov.com\/index.php\/wp-json\/wp\/v2\/pages"}],"about":[{"href":"https:\/\/www.coverinnov.com\/index.php\/wp-json\/wp\/v2\/types\/page"}],"author":[{"embeddable":true,"href":"https:\/\/www.coverinnov.com\/index.php\/wp-json\/wp\/v2\/users\/1"}],"replies":[{"embeddable":true,"href":"https:\/\/www.coverinnov.com\/index.php\/wp-json\/wp\/v2\/comments?post=28"}],"version-history":[{"count":14,"href":"https:\/\/www.coverinnov.com\/index.php\/wp-json\/wp\/v2\/pages\/28\/revisions"}],"predecessor-version":[{"id":136,"href":"https:\/\/www.coverinnov.com\/index.php\/wp-json\/wp\/v2\/pages\/28\/revisions\/136"}],"wp:attachment":[{"href":"https:\/\/www.coverinnov.com\/index.php\/wp-json\/wp\/v2\/media?parent=28"}],"curies":[{"name":"wp","href":"https:\/\/api.w.org\/{rel}","templated":true}]}}